.
-101
Let d(w) = -3452*w + 35507. Give d(10).
987
Let t(i) = 4413*i + 36936. Give t(-8).
1632
Let j(q) = -4*q**2 + 418*q - 845. Calculate j(93).
3433
Let j(c) = -8949*c**2 - 1029134*c + 118. Calculate j(-115).
3
Let y(j) = 8093*j + 169613. Calculate y(-21).
-340
Let f(i) = 71*i**2 - 20947*i + 589. Calculate f(295).
-1
Let o(r) = -r**3 - 24*r**2 + 436*r + 187. What is o(-36)?
43
Let u(h) = 137*h + 13662. Determine u(-99).
99
Let s(a) = a**3 - 255*a**2 - 8829*a - 21. Calculate s(-31).
-1168
Let o(q) = -5*q**2 - 5924*q + 90055. Give o(15).
70
Let u(c) = -1650*c - 107245. What is u(-65)?
5
Let q(m) = 2*m**3 + 723*m**2 - 1231*m - 51577. Calculate q(-363).
-31
Let u(c) = -7*c**3 - 95*c**2 - 375*c - 279. Calculate u(-1).
8
Let n(x) = 2*x**3 + 10*x**2 + 70*x + 539. Give n(-8).
-405
Let m(r) = -3*r**3 - 103*r**2 - 653*r + 284. Calculate m(-9).
5
Let l(z) = -3*z**3 + 22*z**2 - 132*z + 621. Calculate l(8).
-563
Let s(p) = p**3 - 312*p**2 + 905*p + 49. Give s(3).
-17
Let s(t) = -1543*t - 961. Determine s(-1).
582
Let s(i) = -292*i - 68385. Give s(-231).
-933
Let r(o) = 244*o**3 - 1950*o**2 + 2*o - 135. Calculate r(8).
9
Let w(i) = 574637*i + 574606. Calculate w(-1).
-31
Let n(r) = -330*r - 4027. Calculate n(-19).
2243
Let j(n) = -145298*n - 290648. What is j(-2)?
-52
Let h(z) = -z**3 + 299*z**2 - 22051*z + 1154. Calculate h(167).
-15
Let t(n) = -2*n**3 - 4*n**2 + 18*n + 8. What is t(6)?
-460
Let g(v) = -v**3 + 276*v**2 - 539*v - 2517. Calculate g(274).
-51
Let j(c) = -c**2 + 1219*c - 53945. Calculate j(47).
1139
Let q(y) = 6*y**3 + 99*y**2 - 241*y - 308. What is q(-17)?
2922
Let c(s) = -364*s**2 + 2911*s + 9. Determine c(8).
1
Let q(w) = 15*w**2 + 374*w + 165. Determine q(-27).
1002
Let w(l) = 377*l + 32509. What is w(-81)?
1972
Let a(z) = z**3 - 78*z**2 + 187*z + 294. Determine a(76).
2954
Let a(l) = -5*l**2 + 23993*l - 1771351. Calculate a(75).
-1
Let s(f) = f**3 - 189*f**2 - 424*f + 8021. Calculate s(191).
-1
Let w(i) = -2*i**3 + 127*i**2 + 2638*i + 111. What is w(80)?
-49
Let g(i) = 1747*i - 410538. Give g(235).
7
Let j(o) = -186*o - 32426. Calculate j(-174).
-62
Let t(v) = -v**3 - 9*v**2 + 547*v + 6438. Calculate t(-19).
-345
Let j(x) = -14*x**3 - 228*x**2 - 798*x + 10. What is j(-6)?
-386
Let j(u) = u**2 + 2259*u + 110504. Give j(-50).
54
Let f(b) = -2129*b**2 - 41*b - 43. Calculate f(-1).
-2131
Let y(q) = 1327*q - 148610. What is y(112)?
14
Let n(j) = -3*j**3 - 769*j**2 - 991*j + 7478. Calculate n(-255).
83
Let j(x) = -47372*x - 8290103. Calculate j(-175).
-3
Let i(g) = -142848*g - 17570306. Determine i(-123).
-2
Let b(d) = d**3 + 238*d**2 - 2732*d + 1754. Calculate b(-249).
11
Let g(t) = -9835*t + 66454. Give g(7).
-2391
Let n(w) = -2*w**3 + 206*w**2 - 5323*w + 3299. What is n(56)?
-5
Let p(z) = -323*z**2 - 247731*z + 7670. Determine p(-767).
0
Let w(x) = 10053*x + 40157. Calculate w(-4).
-55
Let w(f) = -f**2 + 1100*f + 147739. What is w(-121)?
-2
Let c(l) = 741*l - 96954. Give c(129).
-1365
Let r(x) = -16058*x + 3163410. Determine r(197).
-16
Let r(b) = 240637*b + 2647001. Give r(-11).
-6
Let c(q) = -8*q**2 + 2730*q - 191880. Determine c(99).
-18
Let v(r) = r**2 + 122*r - 26521. Determine v(112).
-313
Let a(u) = 2*u**2 - 402*u + 2364. Determine a(6).
24
Let o(x) = -3*x**3 - 41*x**2 + 8*x - 4. What is o(-14)?
80
Let u(s) = -2*s**2 - 257*s - 1353. What is u(-123)?
0
Let d(n) = -152*n + 23849. What is d(155)?
289
Let q(w) = -9*w**3 - 371*w**2 - 33*w + 2014. Give q(-41).
5
Let o(r) = -19*r**3 + 457*r**2 - 9*r - 379. Determine o(24).
-19
Let f(q) = -2*q**3 + q**2 - 9*q - 17. Determine f(8).
-1049
Let f(p) = 14*p**2 - 188*p - 1178. Calculate f(-7).
824
Let f(r) = -2*r**3 - 87*r**2 - 111*r + 3868. Calculate f(-41).
14
Let f(j) = -j**2 - 14044*j + 154542. Calculate f(11).
-63
Let s(f) = -170689*f + 1023990. Calculate s(6).
-144
Let r(v) = v**2 + 75462*v + 528184. Give r(-7).
-1
Let q(m) = m**3 - 68*m**2 - 321*m + 2381. What is q(72)?
5
Let z(l) = -l**3 + 93*l**2 - 1023*l - 7578. Determine z(-5).
-13
Let r(m) = m**3 - 11*m**2 + 353*m - 1846. Determine r(8).
786
Let s(n) = 197*n**3 - 5*n**2 - 3*n + 2. What is s(-1)?
-197
Let j(i) = 10*i**2 - 95*i + 520. Calculate j(4).
300
Let y(q) = q**2 - 671*q - 95853. Determine y(-121).
-21
Let l(s) = -13*s**2 - 6012*s + 33664. Calculate l(-468).
-32
Let p(b) = -12189*b + 36597. Give p(3).
30
Let u(k) = 38*k - 1169. Calculate u(12).
-713
Let a(v) = v**3 - 45*v**2 + 396*v + 1656. Calculate a(19).
-206
Let u(j) = 485*j - 15772. Calculate u(30).
-1222
Let a(s) = 3*s**3 + 2*s**2 + 207*s - 778. What is a(4)?
274
Let z(q) = -5*q + 1032. Determine z(99).
537
Let d(v) = 31638*v + 252998. Determine d(-8).
-106
Let q(w) = 3006*w**2 + 21037*w - 32. Give q(-7).
3
Let u(x) = -x**3 - x**2 + 280*x - 1632. Calculate u(0).
-1632
Let w(l) = 633581*l + 5702232. Calculate w(-9).
3
Let o(f) = 35315*f - 1871773. Give o(53).
-78
Let h(x) = x**3 + 9*x**2 + 421*x + 2034. What is h(-5)?
29
Let i(n) = 46*n**2 - 84*n + 338. What is i(4)?
738
Let w(i) = 2*i**2 - 24069*i - 1329836. Calculate w(-55).
9
Let i(h) = -9*h**3 - 5*h**2 + 3*h + 75. Determine i(-4).
559
Let m(s) = 2*s**3 + 317*s**2 + 828*s + 7484. Determine m(-156).
-4
Let s(h) = 2885*h - 2654. What is s(1)?
231
Let s(a) = -1129*a + 49607. Determine s(44).
-69
Let y(h) = -h**3 + 154*h**2 - 1138*h + 15955. What is y(147)?
-68
Let z(n) = 140*n - 12631. Give z(89).
-171
Let y(t) = t**2 + 275*t + 17826. Calculate y(-171).
42
Let k(r) = -4*r**3 + 1825*r**2 + 1371*r - 11. Determine k(457).
-11
Let o(c) = 7705*c - 346723. What is o(45)?
2
Let a(l) = 1632*l + 4808. Calculate a(-3).
-88
Let c(v) = -v**3 + 171*v**2 + 1102*v + 141. What is c(-6)?
-99
Let s(k) = -698*k - 1268. What is s(-2)?
128
Let b(t) = -t**3 + 215*t**2 - 1306*t + 10875. What is b(209)?
7
Let r(d) = 17958*d - 27619416. Determine r(1538).
-12
Let r(p) = -9*p**2 - 101*p + 580. Calculate r(-19).
-750
Let d(m) = -26868*m + 12144341. What is d(452)?
5
Let b(s) = -3*s**2 + 695*s + 7860. What is b(-11)?
-148
Let p(h) = -2*h**2 + 18*h - 44. Give p(-6).
-224
Let l(q) = 397*q - 128661. What is l(324)?
-33
Let f(k) = -6953*k + 215740. What is f(31)?
197
Let q(i) = -372*i - 1272. Calculate q(-4).
216
Let h(k) = -13266*k - 79042. Calculate h(-6).
554
Let l(m) = -2433*m + 1681. Calculate l(1).
-752
Let r(g) = -2136*g + 64076. Determine r(30).
-4
Let s(y) = 22*y**2 - 7107*y + 1398. Calculate s(323).
1075
Let s(z) = 368*z**2 - 26676*z + 12966. What is s(72)?
6
Let f(m) = -51*m**2 - 4321*m + 184. Determine f(-85).
-1006
Let n(t) = -8*t**3 + 255*t**2 - 101*t + 4267. Determine n(32).
11
Let m(z) = -z**3 - 70*z**2 + 372*z + 28834. Determine m(-69).
-1595
Let l(r) = -57*r + 1667. Give l(29).
14
Let a(u) = 37*u**2 + 20637*u + 81953. Determine a(-4).
-3
Let j(t) = -964*t + 1158. Determine j(1).
194
Let z(d) = -45*d**2 - 3328*d - 252. Give z(-74).
-400
Let f(o) = o**3 + 49*o**2 + 432*o + 194. Calculate f(-11).
40
Let d(q) = 2*q**3 - 9*q**2 - 145*q - 103. Calculate d(10).
-453
Let z(r) = -1262*r - 80. Determine z(0).
-80
Let r(u) = -35*u**3 - 7*u**2 - 66*u + 141. What is r(2)?
-299
Let q(w) = 247*w**2 + 13215*w - 6736. Determine q(-54).
-94
Let c(p) = p**2 - 487373*p - 21446343. What is c(-44)?
5
Let r(y) = y**2 - 20856*y - 166915. Calculate r(-8).
-3
Let m(z) = -251947*z + 1007781. Give m(4).
-7
Let i(t) = -2*t**3 - 440*t**2 + 441*t - 222. Give i(-221).
-1
Let u(a) = 33*a**2 - 259*a + 179. Calculate u(8).
219
Let a(b) = 384200*b - 5378811. Give a(14).
-11
Let y(z) = -5*z**3 - 5*z**2 + 22165*z + 22171. What is y(-1)?
6
Let r(i) = -6286*i + 735445. Calculate r(117).
-17
Let x(z) = 9*z**2 - 385*z + 2359. Calculate x(8).
-145
Let p(i) = -274*i - 13448. Give p(-49).
-22
Let c(w) = -6*w**2 - 191*w + 158049. What is c(-179)?
-8
Let u(v) = v**2 + 189*v - 190. What is u(-190)?
0
Let f(a) = 36917*a - 36681. What is f(1)?
236
Let y(q) = 3*q**3 - 31*q**2 + 7*q - 397. Give y(11).
-78
Let i(f) = -f**3 + 111*f**2 - 2657*f - 40. Determine i(35).
65
Let b(s) = 1584*s + 25244. Give b(-16).
-100
Let b(v) = 730*v + 6456. What is b(-9)?
-114
Let z(y) = y**2 + 2851*y - 22871. Calculate z(8).
1
Let h(w) = -w**3 - 4*w**2 + 445*w - 1241. Calculate h(3).
31
Let s(p) = 2*p**2 - 751*p - 28743. What is s(-35)?
-8
Let f(l) = -17*l**3 + 17*l**2 - 10*l + 262. What is f(6)?
-2858
Le